 l be (3 - (-60)/(-25))*5. Suppose -l*c = -371 - 508. Is c composite?
False
Suppose 0 = 3*y + 2*y - 50. Suppose s = a + 5, 2*a = -0*a - y. Suppose -5*w + 2*o + 0*o = -1457, 2*w - 3*o - 574 = s. Is w prime?
True
Suppose -30*m + 85*m - 2001065 = 0. Is m a composite number?
False
Let x(r) = 3*r**2 + 3*r. Let w be x(-3). Suppose 5*i - w = -3. Suppose 166 = i*m - m. Is m prime?
True
Let q = 0 - -10. Let u = q - 28. Is 1779/12 + u/(-24) a prime number?
True
Let f(s) = 211*s**2 - s + 1. Let l = 4 + -2. Suppose 2*v - l = -0. Is f(v) composite?
False
Let o(z) = 2*z - 22. Let n be o(16). Is (-85)/34*(-3812)/n composite?
False
Let f(t) = 169*t**2 + 25*t - 7. Is f(-12) prime?
True
Suppose 6*r - 7*r - 2*a = -10557, -52793 = -5*r - 2*a. Is r prime?
True
Let d(o) = -9*o**3 + 8*o**2 + 10*o - 2. Suppose 7*v + 58 = 2. Let f be d(v). Suppose 2489 = 2*u + 5*k, 4*u - f = -0*u + 2*k. Is u prime?
False
Suppose 3*w = -4*h - 922, w - 2*h + 1244 = -3*w. Suppose -3*p + m + 1465 = 3*m, 1958 = 4*p - 2*m. Let x = p + w. Is x a prime number?
True
Let w(s) = 3*s**2 - 1. Let k be (-6)/(-15) - (-12)/20. Let p be w(k). Suppose -4*g + 758 = 2*y, 0*y - 197 = -g - p*y. Is g a prime number?
False
Is (-10)/(-100)*-5 - 5758/(-4) a prime number?
True
Is (55/(-20))/11 + 6825/20 a composite number?
True
Let z be (2/(-4))/((-3)/288). Let v be (z/30)/((-2)/(-65)). Is ((-7553)/v)/((-1)/4) prime?
False
Suppose -48 = -4*p + 2*l, 5*p - 13 - 44 = l. Suppose h + 3 = 3*i, -5*h + 5*i + p = -14. Let b = 19 - h. Is b a prime number?
False
Let v be (-3955)/(-3) + (-14)/(-21). Suppose 69 - v = -2*n. Let p = n + -216. Is p a prime number?
True
Is -5*(-6 + 7651/(-35)) a prime number?
True
Let k = 3567 - 1624. Is k a prime number?
False
Let o = 383 + -82. Suppose -t = -416 - o. Is t a prime number?
False
Suppose 5*q - 5*h = 40, 2*q + 2*h = -3*q + 61. Suppose 5*v - q - 14 = 0. Suppose 2*t - 5*f - 121 - 239 = 0, -2*t - v*f = -380. Is t a prime number?
False
Let i be -3 + (1479/3 - -3). Suppose 239 = 2*b - 3*f, -5*b = -b - 3*f - i. Is b prime?
True
Let n = 14164 - 5877. Is n prime?
True
Let d = 1 + -1. Suppose d*l - 4*l + 8 = 0. Suppose -3*b - l*b + 1055 = 0. Is b a prime number?
True
Let z be 8/10 - 12/(-10). Let d = z - -8. Suppose -d = -v + 3. Is v a prime number?
True
Suppose 5*o = 5*a - 4*a, -2*a - 3*o + 26 = 0. Let f(g) = 22*g**2 + 8*g - 15. Let t be f(a). Suppose -8*c + 5*c + t = 0. Is c a composite number?
True
Let u = 10 + 1. Let j be (1 - 1) + u + 1627. Suppose 484 = 2*p - j. Is p a composite number?
False
Suppose 4*t - 11192 = 4*f, 3*t = 2*f + 7153 + 1241. Suppose 2*o = 4*s + t, -6*o + 4187 = -3*o - 4*s. Is o composite?
True
Let j = 89 - -3900. Let s = -2476 + j. Is s composite?
True
Is ((-1556388)/(-96))/9 + (-3)/8 a prime number?
True
Suppose -x = 4*a - 6*x + 37, -3*a - 48 = 3*x. Let t(g) = -g**3 - 13*g**2 - 4*g + 31. Is t(a) composite?
False
Suppose 0 = -24*a - 16*a + 268720. Is a prime?
False
Let h be (-2)/(-15) + 129/45. Suppose j - 400 = -4*f, -6*f + h*f + 2*j + 289 = 0. Suppose 9*v = 360 + f. Is v composite?
True
Let d(h) = 4308*h**2 + 5*h. Is d(-1) a composite number?
True
Let c(l) = -l + 129. Let d = 0 + -2. Let o(b) = -b + 130. Let n(i) = d*o(i) + 3*c(i). Is n(0) prime?
True
Suppose 0 = 4*g - 2*a + 74, -3*g - a - 50 = 3. Let c = g - -121. Is c a composite number?
False
Suppose -2*q + 453 = 5*c, 0 = 4*q + 4 - 0. Is c composite?
True
Is 1579*(-1)/(-4 + 3) prime?
True
Is (-14)/(-2) + -5 - -2393 a composite number?
True
Let g(r) = 6*r**2 - 17*r + 7. Let t be g(5). Suppose 4965 = -t*j + 75*j. Is j prime?
False
Let p be -4 + 7 + -2 - 947. Let v = -359 - p. Is v composite?
False
Let i = -19 - -22. Suppose -4*q + 1280 = i*h, -2*q - 2*h = 2*q - 1284. Let w = -69 + q. Is w a prime number?
False
Suppose 36 = 6*s + 6. Suppose 169 = 3*f - s*c, -56 - 60 = -2*f + 5*c. Is f composite?
False
Let a(o) be the second derivative of -o**5/20 - 3*o**4/4 - o**3/6 - 7*o**2/2 + 6*o. Let r be a(-9). Is ((-476)/r)/(-2*1) prime?
False
Let g(o) = 7*o + 7. Let f(s) = 4*s + 4. Let m(k) = -5*f(k) + 3*g(k). Let w be m(-4). Is (-715)/(-15) - (-2)/w a composite number?
False
Suppose k + 4*u + 3 = 7*u, -3*u + 3 = 0. Suppose k = -3*s - 0*s + 243. Suppose 0 = -q + 130 + s. Is q prime?
True
Suppose 45*f = 59*f - 5726. Is f a prime number?
True
Suppose -2*a + 17*i = 12*i - 24789, 5*a - 62055 = -4*i. Is a a composite number?
True
Let i(x) = -10*x**3 + 2*x**2 - 2*x + 1. Let y be (0 + 1)/((-12)/(-36)). Let a be i(y). Let c = a + 468. Is c composite?
False
Let h = -17 - -19. Suppose -5*x + 772 = 3*j, 5*j - h*j = 3*x + 780. Is j prime?
False
Let o(k) = -k**3 - 3*k**2 + 6*k + 10. Let y be o(-4). Suppose -5 = -4*j - 5*q, 0*j = j - y*q + 2. Suppose -131 = -l - j*l. Is l composite?
False
Let s(f) = f + 13. Let n be s(-6). Let w = 11 - n. Suppose 2*i = -w*z + 308, i = -0*z + z - 83. Is z a prime number?
True
Suppose 10*b + 13*b = 12443. Is b composite?
False
Let a(l) = -4*l**2 - 1. Let x be a(-1). Let n be x - -3 - 2/(-1). Suppose 4*m + 196 - 848 = n. Is m a prime number?
True
Let v be 4/(6/(-9) - 100/(-105)). Suppose 716 = -v*b + 18*b. Is b prime?
True
Suppose 3*i = -4*y + 8753, 2*i - y - 3120 - 2697 = 0. Is i a composite number?
True
Let x(a) = a**3 + 7*a**2 + 5*a - 4. Let o be x(-6). Suppose -4*b + o*m + 7 - 121 = 0, 0 = -5*m - 15. Let r = 51 + b. Is r a composite number?
True
Let y(o) = -3 + 12*o - o**2 - 2 + 4 - 2. Let d be y(12). Is (d - 0)*746/(-2) composite?
True
Is 4/((-36)/(-501921)) + -6 prime?
True
Suppose 0 = -a + 4*a - 4*l - 933, 1244 = 4*a - 4*l. Is a a prime number?
True
Suppose 49*r = 61*r - 55644. Is r a composite number?
False
Let k(o) = 749*o**2 - 4*o + 4 + 270*o**2 + 0*o. Let s be k(2). Suppose 12*z - 4*z - s = 0. Is z a composite number?
False
Let m(o) = -117*o - 3. Let h be m(3). Let l = h + 593. Is l a prime number?
True
Suppose -5*m = -5*p - 20, -m - 2*p = -4*m + 12. Suppose -4*s - 2232 = m*s. Let g = s + 696. Is g a composite number?
True
Let z(b) = -b + 4*b + 8*b**3 + 4*b**2 + 17 - 9*b**3 + 16*b**2. Is z(20) a prime number?
False
Let a(y) = y**3 - 12*y**2 - 3*y + 7. Let l(k) = -k**2. Let o(v) = -a(v) + 4*l(v). Is o(-6) prime?
True
Suppose -14*h + 23551 + 30475 = 0. Is h composite?
True
Suppose -4*p = -5*k - 12, 2*p - p - 5*k - 3 = 0. Suppose -p*x + 121 + 263 = 0. Suppose -3*i - x = -395. Is i a composite number?
False
Let n(f) = 665*f + 359. Is n(32) a prime number?
False
Suppose 3*f = z - f, 2*z - 4*f - 4 = 0. Is z/(-78)*3 + (-11433)/(-39) a prime number?
True
Suppose -y = 5*q + 3*y + 2869, 5*q - 5*y = -2860. Is (-1 + q)*(-15)/30 a prime number?
False
Let m(k) = -8*k**3 - 3*k**2 + 3*k + 9. Suppose -14 = -3*u - 29. Is m(u) composite?
False
Let b = -140 - -147. Is 999/b - 16/(-56) composite?
True
Let i(k) = -k**3 + 12*k**2 - 12*k + 15. Let q be i(11). Suppose -2*f + 22 + 2 = 4*o, 5*o = -q*f + 36. Suppose -1032 + 3196 = f*n. Is n a composite number?
False
Suppose i = -4*v + 76, -3*v - 5*i = 2*v - 110. Suppose 1397 = 19*z - v*z. Is z composite?
True
Let p(c) = -c**3 + 11*c**2 + 4*c + 2. Let s(j) = -j**3 + 10*j**2 + 4*j + 2. Let q(n) = 4*p(n) - 5*s(n). Suppose -4*i = -0*i - 28. Is q(i) prime?
True
Suppose 3*n - 5068 = -n. Suppose -4*d + n + 521 = 0. Is d composite?
True
Suppose -c + 1767 = -596. Is c prime?
False
Let n = 3018 + 15475. Is n a prime number?
True
Suppose 0 = 15*w - 229754 - 423601. Is w composite?
True
Let b(z) = 2*z**2 - 3*z + 1. Let r be b(-5). Let x(v) = -40*v - 7. Let l be x(1). Let i = l + r. Is i a composite number?
False
Suppose -3*j - 61 = -4*j. Suppose 0 = 5*s + o + 4*o - 110, 3*s + 2*o - j = 0. Suppose 131 + s = 4*m. Is m a composite number?
False
Let m = -76 + 74. Is (1760 - 1) + (-2)/(-1 - m) a composite number?
True
Is 1388/1*((-30)/(-8) + -3) prime?
False
Let b = 226 - 32. Let s = 2041 - b. Is s a prime number?
True
Is (-8)/(-10) + -2*(-319562)/20 composite?
False
Let f = 3631 - -1596. Is f prime?
True
Let v be (-9)/(-15) - 44/(-10). Let j be (15/(-2))/(10/(-2580)). Suppose -v*g = -j + 290. Is g a composite number?
True
Let d(l) be the third derivative of l**6/120 + 7*l**5/60 - l**4/12 + 5*l**3/6 + l**2. Let g = 115 - 121. Is d(g) a composite number?
False
Suppose -27*b + 24*b + 288663 = 0. Is b a prime number?
True
Let m = 69358 - 35165. Is m prime?
False
Let b = 26 + -22. Suppos